Let j = u + 25. Let a = 30 - j. What is the units digit of a?
4
Suppose m + 3*k = 25, 5*m - 5*k - 179 = -2*k. What is the units digit of m?
4
Let x = -1 + 6. Let q = 32 - x. What is the tens digit of q?
2
Let k(t) = t**3 + 6*t**2 - 6*t + 9. Let o be k(-7). Let h be (o/6)/((-3)/9). Let g(z) = 9*z**2 + 1. What is the tens digit of g(h)?
1
Let k be 1365/26 - 2/(-4). Suppose 111 = 4*y - k. What is the units digit of y?
1
Let v(f) = -9 + 2 - f**2 + 18*f - 5*f. What is the units digit of v(10)?
3
Let y(t) = -t + 11. Let c be y(9). Suppose -j + 27 = c*j. What is the units digit of j?
9
Let x(g) = -6*g + 2. Suppose -2*r + 5*v - 10 = -0*v, 0 = -3*v. What is the units digit of x(r)?
2
Let q = 0 + 3. Suppose 2*y = -12 + 48. Suppose q*z - y = -0*z. What is the units digit of z?
6
Let r(k) = k**2 - 5*k + 7. Let z be r(5). Suppose -12*t = -z*t - 170. What is the tens digit of t?
3
Suppose 10 = 5*x - w, w + 1 - 3 = -x. Let f(g) = 5*g**2 + 2*g - 3. Let d be f(x). What is the units digit of d*(1 + 2/(-3))?
7
Suppose 0 = 5*q - 2*b, 5*q + 4*b = -b. Suppose -2*z - 3*j - 2*j + 46 = 0, 3*z - 4*j - 23 = q. What is the tens digit of z?
1
Suppose m = -3*z + 1 + 8, -3*z + 2*m = -18. Let j(u) be the second derivative of -u**5/20 + u**4/3 + u**3/2 + u**2/2 + u. What is the units digit of j(z)?
3
Let z = 20 - 16. Let m = 19 - z. What is the units digit of m?
5
Suppose -3*v + j + 91 - 17 = 0, 2*j - 2 = 0. Let b = 60 - v. What is the tens digit of b?
3
Let v(u) be the third derivative of u**8/2016 + u**6/720 - u**5/60 - 2*u**2. Let c(a) be the third derivative of v(a). What is the tens digit of c(1)?
1
Let g = -28 - -62. What is the tens digit of g?
3
Let k(a) = -a**3 + 7*a**2 + 14*a - 10. Let l be k(9). Let s = -17 - l. What is the tens digit of s?
2
Let t(m) = -5*m**2 - 6*m + 3. Let v(c) = 4*c**2 + 6*c - 2. Let g(l) = 5*t(l) + 6*v(l). What is the units digit of g(5)?
8
Let i(s) be the first derivative of s**3/3 - s**2/2 + 4*s - 1. What is the units digit of i(0)?
4
Let y = 69 + -22. What is the tens digit of y?
4
Let k = -7 - -26. What is the units digit of k?
9
Let p(x) = x**3 + 3*x**2 - 2*x. Let w be p(-4). What is the tens digit of (3 + 1)*w/(-2)?
1
Let h(o) = 13*o**2 - o + 1. What is the tens digit of h(2)?
5
Suppose -2*y + p - 6 = -3*y, 2*p + 36 = 4*y. Suppose -y*n + 6*n = -68. What is the units digit of n?
4
Let o(v) = 2*v - 3. Let r be o(2). Let a be -2 - ((-7 - -1) + r). Let j = a - 2. What is the units digit of j?
1
Suppose -5*o + h = -10, -o + 2*o = 3*h + 2. Let j(n) = o*n**2 - n + 3 + 3 + 6*n + 3*n. What is the tens digit of j(-5)?
1
Let o(y) = -y**3 - 9*y**2 - 3*y - 13. What is the units digit of o(-9)?
4
Let z = 31 - 58. What is the units digit of 11/9 + 6/z?
1
Suppose -2*c = -c - 3*i - 2, i = -4*c + 21. Suppose 5*z = 0, c*z = -4*u + 170 - 58. What is the units digit of u?
8
Let o = 78 - 49. Suppose -o + 7 = -2*t. What is the units digit of t?
1
Suppose 3*m = 2*j - 397, m = 2*j - 7*j + 1035. What is the units digit of j?
6
What is the tens digit of -4 + 10/5 + 112?
1
Suppose 2*d = -3*q + 84, -5*q - 123 + 7 = -2*d. What is the tens digit of d?
4
Let c be 38/10 - 1/(-5). Suppose c*j = 3*n - 41, 2*n + 0*j - 34 = 4*j. What is the units digit of n?
7
Suppose 3*y = 5*y + 90. Let m = -31 - y. What is the tens digit of m?
1
Suppose 0*q = -5*q - 20, 3*q + 12 = 2*c. Suppose 0 = 24*h - 23*h + 1. Let y = c - h. What is the units digit of y?
1
Let v = -2 - -2. Suppose -c + 20 - 8 = v. What is the units digit of c?
2
Let b(w) = -w**2 + 5*w - 2. Suppose 0 = l - 3*z, 14 = -4*l + 4*z + z. Let d be 2*3/l*-3. What is the units digit of b(d)?
4
Suppose -57*i + 53*i + 368 = 0. What is the units digit of i?
2
Let b(u) = -u**3 - 9*u**2 - 7*u + 9. Let l be (1 - (0 + 1)) + -8. What is the units digit of b(l)?
1
Suppose y - v + 0*v - 2 = 0, -4*y + 3*v = -11. Suppose -40 = -y*n + 55. What is the tens digit of n?
1
Let q be (3/(-3))/((-2)/4). What is the units digit of ((-12)/18)/(q/(-48))?
6
Let c be (-2)/(-7) - 1368/(-14). Suppose 3*r - 4 = c. What is the units digit of r?
4
Let i(z) = z**2 + 11*z - 3. What is the units digit of i(-13)?
3
Suppose 3*n = 3*h + 30, 5*h = 3*n - 8*n + 10. What is the units digit of n?
6
Let j(d) = d**3 - 5*d**2 - 6*d + 2. Let a be j(6). Let b = a - -8. Suppose -n - n + b = 0. What is the units digit of n?
5
Let o be (1/(-2))/((-5)/20). Suppose -c + q + 18 = 0, o*c = 5*c + 5*q - 22. What is the tens digit of c?
1
Let m(z) = -2*z - 1. Let o be m(-2). Suppose o*x = 2*x + 12. What is the units digit of x?
2
Let j be 104 + -4*(-3)/6. Let i = j + -68. What is the tens digit of i?
3
Let r = 510 - 304. What is the tens digit of r?
0
Let x = 18 - 9. Let k be 4*1/2 + 0. Suppose k*p + p = x. What is the units digit of p?
3
Suppose -5*p - 6 = -16. What is the tens digit of (-29 + p)*(-1)/1?
2
Suppose 2*c = 3 - 7, 3*s - 3*c = -183. What is the units digit of 9/12*(1 - s)?
8
Let b be (1 + -4)*(-4)/(-4). Let m = b + 4. Suppose v = 4*s + m, 3*s - 2*v - v + 12 = 0. What is the units digit of s?
1
Let w = 299 - 112. What is the tens digit of w?
8
Suppose 0 = 2*w + 19 - 399. Suppose 0*t = -5*t + w. What is the units digit of t?
8
Let p = 21 - -1. What is the units digit of p?
2
Suppose -2*i = -0 + 10, -4*w - 4*i - 12 = 0. Suppose 5*g = 2*k + 2*k - 450, w*k = g + 90. What is the tens digit of (g/(-6))/((-3)/(-2))?
1
Suppose 2*u + 6 = 0, -4*h + h = 4*u - 42. What is the tens digit of h?
1
What is the units digit of (1 - 0)/((-2)/(-22))?
1
Let y(t) = t**3 - 9*t**2 + 3*t + 4. What is the tens digit of y(9)?
3
Let c = -16 - -51. What is the tens digit of c?
3
Suppose 4*u - 417 = 3*n, -u + 97 = 2*n - 10. What is the hundreds digit of u?
1
Let x be 1*(0 - (4 + -2)). What is the units digit of x/(-6) - (-339)/9?
8
Let i(q) be the second derivative of q**3/6 + q**2/2 - q. Let j be i(-1). What is the units digit of j/(3/(-1)) - -1?
1
Let t(g) = 2*g - 8. Let p = -18 + 31. What is the tens digit of t(p)?
1
Let x be (-1)/2*6/1. What is the units digit of (-2 - (x + -2)) + 3?
6
Let z = 2 - -2. Let k = 5 + z. What is the units digit of k?
9
Let b(r) = r**2 - 4. Let v = 2 - -6. Let y be (-1)/(2/v) - 0. What is the units digit of b(y)?
2
Let j(a) = a**3 + 11*a**2 + 2*a + 15. What is the units digit of j(-10)?
5
Suppose 2*a = 7*a + 2*g - 126, -2*g = -6. What is the units digit of a?
4
Suppose 12 = 4*i - 0. Suppose -2*y = -3*d - 23, -d - 13 = y - i*y. Suppose y*q + 48 = 8*q. What is the tens digit of q?
1
Let g(z) = 3 + 3*z + 2 - 7*z. What is the tens digit of g(-5)?
2
Let q = 5 + -3. Suppose -56 = -q*h - 2*h. What is the units digit of 4/h + 38/14?
3
Suppose -2*l - 2*x - x = -16, 5*l - 30 = -5*x. Suppose 2*m = -l*f + 8, 4*f - 2*m - 36 = 10. What is the units digit of f?
9
Let m(c) = -c**2 - 4*c + 2. Let o be m(-6). Let w = o + 14. Suppose 12 = -2*n + w*n. What is the units digit of n?
6
Let a = -88 + 91. What is the units digit of a?
3
Let g be (-85)/(-4 - -2 - -1). Suppose 0*n = 5*n - g. What is the units digit of n?
7
Suppose 0 = -0*c - 2*c + 18. Suppose 2*m + m = c. What is the units digit of m?
3
Let v(g) = 37*g**2 - 2*g + 1. Suppose -3 = -2*j - 1. Let b be v(j). Suppose -4*d + b = -24. What is the units digit of d?
5
Suppose 5*y - 15 = 4*g, 4*y - 3*g = -g + 18. What is the units digit of y?
7
Let l = 8 + -5. Suppose -4*g + g = l, 3*y = 2*g + 23. What is the units digit of y?
7
Suppose 0 = -d - s + 7, 19 = 3*d + 2*s - s. Suppose d*a - 5*a = 25. What is the tens digit of a?
2
Let o be 9*1/(2/2). Let w be (4/2)/(0 + 1). Suppose 5 = -w*n + o. What is the units digit of n?
2
Let n(x) = -x**3 + 5*x**2 + 7*x - 2. Let r be n(6). Let w = -3 + r. What is the units digit of 1/w + 4/1?
5
Let s = 32 + -3. Let i = 43 - s. What is the tens digit of i?
1
Let b(z) = -46*z - 12. What is the units digit of b(-3)?
6
Suppose 0*c + 36 = 2*c. Suppose -3*s + c = -21. What is the units digit of s?
3
Let v be 1/(-1)*1*-4. Suppose z - 3 = l, l = 7*z - 3*z - 9. Suppose 0 = -z*r + v + 4. What is the units digit of r?
4
Let y = 1 + 1. Suppose -y*q = 2*q - 12. What is the units digit of q?
3
Let v = -7 - -7. Suppose -3*u - 82 = -4*s - 3, v = -3*s - 5*u + 23. What is the units digit of s?
6
Let v(x) = 24*x - 3. Let r be v(-3). Let w = -26 - r. What is the tens digit of w?
4
Let u(n) = 5*n**2 - 8*n + 6. Let h be u(